{"id":213,"date":"2024-03-04T12:48:29","date_gmt":"2024-03-04T11:48:29","guid":{"rendered":"http:\/\/new.solarniverejneosvetleni.cz\/?page_id=213"},"modified":"2024-04-03T13:28:44","modified_gmt":"2024-04-03T11:28:44","slug":"montaz-a-servis","status":"publish","type":"page","link":"https:\/\/solarniverejneosvetleni.cz\/index.php\/montaz-a-servis\/","title":{"rendered":"Mont\u00e1\u017e a servis"},"content":{"rendered":"\n<h1>Mont\u00e1\u017e<\/h1>\n\n\n\n<p>Ka\u017ed\u00e9mu z\u00e1jemci o sol\u00e1rn\u00ed&nbsp;ve\u0159ejn\u00e9 osv\u011btlen\u00ed&nbsp;v\u011bnujeme&nbsp;individu\u00e1ln\u00ed p\u00e9\u010di,  a\u0165 se jedn\u00e1 o prodej a instalaci jedn\u00e9 lampy, nebo o dod\u00e1vku komlexn\u00edho  syst\u00e9mu nez\u00e1visl\u00e9ho osv\u011btlen\u00ed ulice, \u010di v\u011bt\u0161\u00edho \u00fazem\u00ed.<\/p>\n\n\n\n<p><\/p>\n\n\n\n<p>Podle Va\u0161ich  po\u017eadavk\u016f V\u00e1m navrhneme optim\u00e1ln\u00ed technick\u00e9 \u0159e\u0161en\u00ed&nbsp;pro dopln\u011bn\u00ed Va\u0161eho  ve\u0159ejn\u00e9ho osv\u011btlen\u00ed sol\u00e1rn\u00edmi lampami, vytipujeme nejvhodn\u011bj\u0161\u00ed modely  sol\u00e1rn\u00edch lamp&nbsp;i nastaven\u00ed v\u0161ech jejich provozn\u00edch parametr\u016f. V  dohodnut\u00e9m term\u00ednu &nbsp;provedeme&nbsp;instalaci sto\u017e\u00e1r\u016f, sv\u00edtidel, sol\u00e1rn\u00edch i  \u0159\u00edd\u00edc\u00edch syst\u00e9m\u016f, nastav\u00edme&nbsp;software a p\u0159ipoj\u00edme&nbsp;ka\u017ed\u00e9 sv\u00edtidlo&nbsp;pomoc\u00ed  GSM k na\u0161emu centr\u00e1ln\u00edmu monitoringu.<\/p>\n\n\n\n<img decoding=\"async\" src=\"https:\/\/solarniverejneosvetleni.cz\/wp-content\/uploads\/2024\/03\/enstore-ranovpolednevecer-967x1024.png\" style=\"width:100%;\"\/>\n\n\n\n<h1>Servis<\/h1>\n\n\n\n<p>D\u00edky st\u00e1l\u00e9mu p\u0159ipojen\u00ed v\u0161ech instalovan\u00fdch lamp&nbsp;do na\u0161eho online  monitoringu prost\u0159ednictv\u00edm zabudovan\u00e9ho GSM m\u00e1me&nbsp;nep\u0159er\u017eit\u00fd p\u0159ehled o  technick\u00e9m stavu ka\u017ed\u00e9 sol\u00e1rn\u00ed lampy&nbsp;Enstore, o aktu\u00e1ln\u00edm nabit\u00ed  jej\u00edch&nbsp;bateri\u00ed i&nbsp;o nastaven\u00ed v\u0161ech provozn\u00edch parametr\u016f. Pomoc\u00ed d\u00e1lkov\u00e9  spr\u00e1vy tak m\u016f\u017ee preventivn\u011b p\u0159edch\u00e1zet vzniku situac\u00ed, kter\u00e9 by mohly  zap\u0159\u00ed\u010dinit provozn\u00ed z\u00e1vady a cel\u00fd syst\u00e9m se d\u00edky tomu vyzna\u010duje vysokou  provozn\u00ed spolehlivost\u00ed. Jestli\u017ee vlivem vn\u011bj\u0161\u00edch mechanick\u00fdch z\u00e1sah\u016f  dojde k po\u0161kozen\u00ed lampy, prov\u00e1d\u00edme&nbsp;na vy\u017e\u00e1d\u00e1n\u00ed operativn\u011b ve\u0161ker\u00fd  servis.<\/p>\n\n\n\n<p>Na\u0161\u00ed&nbsp;trval\u00fdm c\u00edlem je maxim\u00e1ln\u00ed spolehlivost cel\u00e9ho osv\u011btlovac\u00edho  syst\u00e9mu&nbsp;Enstore a v\u0161echny modely Enstore jsou koncipov\u00e1ny pro  \u017eivotnost kompletn\u00ed lampy nejm\u00e9n\u011b na&nbsp;dvacet p\u011bt let. <\/p>\n","protected":false},"excerpt":{"rendered":"<p>Mont\u00e1\u017e Ka\u017ed\u00e9mu z\u00e1jemci o sol\u00e1rn\u00ed&nbsp;ve\u0159ejn\u00e9 osv\u011btlen\u00ed&nbsp;v\u011bnujeme&nbsp;individu\u00e1ln\u00ed p\u00e9\u010di, a\u0165 se jedn\u00e1 o prodej a instalaci jedn\u00e9 lampy, nebo o dod\u00e1vku komlexn\u00edho syst\u00e9mu nez\u00e1visl\u00e9ho osv\u011btlen\u00ed ulice, \u010di v\u011bt\u0161\u00edho \u00fazem\u00ed. Podle Va\u0161ich po\u017eadavk\u016f V\u00e1m navrhneme optim\u00e1ln\u00ed technick\u00e9 \u0159e\u0161en\u00ed&nbsp;pro dopln\u011bn\u00ed Va\u0161eho ve\u0159ejn\u00e9ho osv\u011btlen\u00ed sol\u00e1rn\u00edmi lampami, vytipujeme nejvhodn\u011bj\u0161\u00ed modely sol\u00e1rn\u00edch lamp&nbsp;i nastaven\u00ed v\u0161ech jejich provozn\u00edch parametr\u016f. V dohodnut\u00e9m term\u00ednu &nbsp;provedeme&nbsp;instalaci<\/p>\n<div class=\"more-link\">\n\t\t\t\t <a href=\"https:\/\/solarniverejneosvetleni.cz\/index.php\/montaz-a-servis\/\" class=\"link-btn theme-btn\"><span>Read More <\/span> <i class=\"fa fa-caret-right\"><\/i><\/a>\n\t\t\t<\/div>\n","protected":false},"author":1,"featured_media":0,"parent":0,"menu_order":0,"comment_status":"closed","ping_status":"closed","template":"","meta":{"ngg_post_thumbnail":0,"footnotes":""},"_links":{"self":[{"href":"https:\/\/solarniverejneosvetleni.cz\/index.php\/wp-json\/wp\/v2\/pages\/213"}],"collection":[{"href":"https:\/\/solarniverejneosvetleni.cz\/index.php\/wp-json\/wp\/v2\/pages"}],"about":[{"href":"https:\/\/solarniverejneosvetleni.cz\/index.php\/wp-json\/wp\/v2\/types\/page"}],"author":[{"embeddable":true,"href":"https:\/\/solarniverejneosvetleni.cz\/index.php\/wp-json\/wp\/v2\/users\/1"}],"replies":[{"embeddable":true,"href":"https:\/\/solarniverejneosvetleni.cz\/index.php\/wp-json\/wp\/v2\/comments?post=213"}],"version-history":[{"count":6,"href":"https:\/\/solarniverejneosvetleni.cz\/index.php\/wp-json\/wp\/v2\/pages\/213\/revisions"}],"predecessor-version":[{"id":622,"href":"https:\/\/solarniverejneosvetleni.cz\/index.php\/wp-json\/wp\/v2\/pages\/213\/revisions\/622"}],"wp:attachment":[{"href":"https:\/\/solarniverejneosvetleni.cz\/index.php\/wp-json\/wp\/v2\/media?parent=213"}],"curies":[{"name":"wp","href":"https:\/\/api.w.org\/{rel}","templated":true}]}}