{"id":187,"date":"2024-03-04T12:15:38","date_gmt":"2024-03-04T11:15:38","guid":{"rendered":"http:\/\/new.solarniverejneosvetleni.cz\/?page_id=187"},"modified":"2024-03-05T23:46:44","modified_gmt":"2024-03-05T22:46:44","slug":"biodynamika","status":"publish","type":"page","link":"https:\/\/solarniverejneosvetleni.cz\/index.php\/biodynamika\/","title":{"rendered":"Biodynamika"},"content":{"rendered":"\n<p><h1> Biodynamika &nbsp;<\/h1><\/p>\n\n\n\n<p>Sol\u00e1rn\u00ed lampy Enstore ve variant\u00e1ch vybaven\u00fdch biodynamikou ve ve\u010dern\u00edch a rann\u00edch hodin\u00e1ch sv\u00edt\u00ed  jasn\u00fdm b\u00edl\u00fdm sv\u011btlem (2700 K) a na no\u010dn\u00ed dobu automaticky p\u0159ech\u00e1zej\u00ed do  re\u017eimu sv\u00edcen\u00ed \u017eluto oran\u017eov\u00fdm sv\u011btlem (1850 K) s nulov\u00fdm obsahem  tzv.modr\u00e9ho sv\u011btla, kter\u00e9 by jinak u sp\u00edc\u00edch osob zabra\u0148ovalo tvorb\u011b  hormonu melatonin. O nepostradatelnosti melatoninu pro zdrav\u00ed se v\u00edce  dozv\u00edte v tomto zaj\u00edmav\u00e9m videu z produkce Televize Seznam: <a href=\"https:\/\/www.televizeseznam.cz\/video\/adost\/tenhle-hormon-chrani-pred-covidem-a-dalsimi-nemocemi-vlastni-hlouposti-se-o-nej-ale-pripravujeme-64129482\">https:\/\/www.televizeseznam.cz\/video\/adost\/tenhle-hormon-chrani-pred-covidem-a-dalsimi-nemocemi-vlastni-hlouposti-se-o-nej-ale-pripravujeme-64129482<\/a><\/p>\n\n\n\n<p>Velk\u00fd v\u00fdznam&nbsp;&nbsp;biodynamick\u00e9ho sol\u00e1rn\u00edho osv\u011btlen\u00ed&nbsp;oce\u0148uje nap\u0159\u00edklad i odborn\u00fd server&nbsp;<a href=\"http:\/\/www.svetelneznecisteni.cz\">www.svetelneznecisteni.cz<\/a>&nbsp;a bli\u017e\u0161\u00ed informace jsou k dispozici t\u00e9\u017e na facebooku <a href=\"https:\/\/www.facebook.com\/NebePlneHvezd\/\">\u201cChci zase vid\u011bt nebe pln\u00e9 hv\u011bzd\u201d<\/a>.<\/p>\n\n\n\n<p>\u00da\u010dastn\u00edme se t\u00e9\u017e&nbsp;na pr\u00e1ci&nbsp;odborn\u00e9 skupiny&nbsp;Parlamentu \u010cR, zab\u00fdvaj\u00edc\u00ed  se problematikou biodynamiky a sni\u017eov\u00e1n\u00ed sv\u011bteln\u00e9ho smogu. .&nbsp;&nbsp;<\/p>\n\n\n\n<p>V mnoha evropsk\u00fdch zem\u00edch je biodynamick\u00e9 sv\u00edcen\u00ed v obc\u00edch ji\u017e  v\u00fdrazn\u00fdm trendem a odpov\u00edd\u00e1 tomu i nemal\u00fd z\u00e1jem evropsk\u00fdch z\u00e1kazn\u00edk\u016f o  na\u0161e sol\u00e1rn\u00ed lampy Enstore.&nbsp; Je pot\u011b\u0161uj\u00edc\u00ed, \u017ee ani \u010desk\u00e1  municipalita nechce z\u016fstat pozadu a pov\u011bdom\u00ed o z\u00e1sad\u00e1ch a mo\u017enostech  biodynamick\u00e9ho ve\u0159ejn\u00e9ho osv\u011btlen\u00ed se st\u00e1le z\u0159eteln\u011bji&nbsp;uplat\u0148uje i v  \u010cech\u00e1ch i na Morav\u011b. <\/p>\n","protected":false},"excerpt":{"rendered":"<p>Biodynamika &nbsp; Sol\u00e1rn\u00ed lampy Enstore ve variant\u00e1ch vybaven\u00fdch biodynamikou ve ve\u010dern\u00edch a rann\u00edch hodin\u00e1ch sv\u00edt\u00ed jasn\u00fdm b\u00edl\u00fdm sv\u011btlem (2700 K) a na no\u010dn\u00ed dobu automaticky p\u0159ech\u00e1zej\u00ed do re\u017eimu sv\u00edcen\u00ed \u017eluto oran\u017eov\u00fdm sv\u011btlem (1850 K) s nulov\u00fdm obsahem tzv.modr\u00e9ho sv\u011btla, kter\u00e9 by jinak u sp\u00edc\u00edch osob zabra\u0148ovalo tvorb\u011b hormonu melatonin. O nepostradatelnosti melatoninu pro zdrav\u00ed se<\/p>\n<div class=\"more-link\">\n\t\t\t\t <a href=\"https:\/\/solarniverejneosvetleni.cz\/index.php\/biodynamika\/\" class=\"link-btn theme-btn\"><span>Read More <\/span> <i class=\"fa fa-caret-right\"><\/i><\/a>\n\t\t\t<\/div>\n","protected":false},"author":1,"featured_media":0,"parent":0,"menu_order":0,"comment_status":"closed","ping_status":"closed","template":"","meta":{"ngg_post_thumbnail":0,"footnotes":""},"_links":{"self":[{"href":"https:\/\/solarniverejneosvetleni.cz\/index.php\/wp-json\/wp\/v2\/pages\/187"}],"collection":[{"href":"https:\/\/solarniverejneosvetleni.cz\/index.php\/wp-json\/wp\/v2\/pages"}],"about":[{"href":"https:\/\/solarniverejneosvetleni.cz\/index.php\/wp-json\/wp\/v2\/types\/page"}],"author":[{"embeddable":true,"href":"https:\/\/solarniverejneosvetleni.cz\/index.php\/wp-json\/wp\/v2\/users\/1"}],"replies":[{"embeddable":true,"href":"https:\/\/solarniverejneosvetleni.cz\/index.php\/wp-json\/wp\/v2\/comments?post=187"}],"version-history":[{"count":5,"href":"https:\/\/solarniverejneosvetleni.cz\/index.php\/wp-json\/wp\/v2\/pages\/187\/revisions"}],"predecessor-version":[{"id":302,"href":"https:\/\/solarniverejneosvetleni.cz\/index.php\/wp-json\/wp\/v2\/pages\/187\/revisions\/302"}],"wp:attachment":[{"href":"https:\/\/solarniverejneosvetleni.cz\/index.php\/wp-json\/wp\/v2\/media?parent=187"}],"curies":[{"name":"wp","href":"https:\/\/api.w.org\/{rel}","templated":true}]}}

<p><h1> Biodynamika &nbsp;</h1></p>



<p>Solární lampy Enstore ve variantách vybavených biodynamikou ve večerních a ranních hodinách svítí  jasným bílým světlem (2700 K) a na noční dobu automaticky přecházejí do  režimu svícení žluto oranžovým světlem (1850 K) s nulovým obsahem  tzv.modrého světla, které by jinak u spících osob zabraňovalo tvorbě  hormonu melatonin. O nepostradatelnosti melatoninu pro zdraví se více  dozvíte v tomto zajímavém videu z produkce Televize Seznam: <a href="https://www.televizeseznam.cz/video/adost/tenhle-hormon-chrani-pred-covidem-a-dalsimi-nemocemi-vlastni-hlouposti-se-o-nej-ale-pripravujeme-64129482">https://www.televizeseznam.cz/video/adost/tenhle-hormon-chrani-pred-covidem-a-dalsimi-nemocemi-vlastni-hlouposti-se-o-nej-ale-pripravujeme-64129482</a></p>



<p>Velký význam&nbsp;&nbsp;biodynamického solárního osvětlení&nbsp;oceňuje například i odborný server&nbsp;<a href="http://www.svetelneznecisteni.cz">www.svetelneznecisteni.cz</a>&nbsp;a bližší informace jsou k dispozici též na facebooku <a href="https://www.facebook.com/NebePlneHvezd/">“Chci zase vidět nebe plné hvězd”</a>.</p>



<p>Účastníme se též&nbsp;na práci&nbsp;odborné skupiny&nbsp;Parlamentu ČR, zabývající  se problematikou biodynamiky a snižování světelného smogu. .&nbsp;&nbsp;</p>



<p>V mnoha evropských zemích je biodynamické svícení v obcích již  výrazným trendem a odpovídá tomu i nemalý zájem evropských zákazníků o  naše solární lampy Enstore.&nbsp; Je potěšující, že ani česká  municipalita nechce zůstat pozadu a povědomí o zásadách a možnostech  biodynamického veřejného osvětlení se stále zřetelněji&nbsp;uplatňuje i v  Čechách i na Moravě. </p>

<p>Biodynamika &nbsp; Solární lampy Enstore ve variantách vybavených biodynamikou ve večerních a ranních hodinách svítí jasným bílým světlem (2700 K) a na noční dobu automaticky přecházejí do režimu svícení žluto oranžovým světlem (1850 K) s nulovým obsahem tzv.modrého světla, které by jinak u spících osob zabraňovalo tvorbě hormonu melatonin. O nepostradatelnosti melatoninu pro zdraví se</p>
<div class="more-link">
				 <a href="https://solarniverejneosvetleni.cz/index.php/biodynamika/" class="link-btn theme-btn"><span>Read More </span> <i class="fa fa-caret-right"></i></a>
			</div>
