{"id":185,"date":"2024-03-04T12:12:44","date_gmt":"2024-03-04T11:12:44","guid":{"rendered":"http:\/\/new.solarniverejneosvetleni.cz\/?page_id=185"},"modified":"2024-10-03T17:54:55","modified_gmt":"2024-10-03T15:54:55","slug":"ke-stazeni","status":"publish","type":"page","link":"https:\/\/solarniverejneosvetleni.cz\/index.php\/ke-stazeni\/","title":{"rendered":"Ke sta\u017een\u00ed"},"content":{"rendered":"\n<h1>Ke sta\u017een\u00ed<\/h1>\n<br><br>\n<b> Sol\u00e1rn\u00ed lampy: <\/b>\n<ul>\n<li><a href='\/wp-content\/uploads\/2024\/10\/quattro.pdf' style='color:#00A0E3;text-decoration: none;'>Enstore Quatro<\/a><\/li>\n<li><a href='\/wp-content\/uploads\/2024\/10\/hexagon.pdf' style='color:#00A0E3;text-decoration: none;'>Enstore Hexagon<\/a><\/li>\n<li><a href='\/wp-content\/uploads\/2024\/10\/uno.pdf' style='color:#00A0E3;text-decoration: none;'>Enstore Uno<\/a><\/li>\n<li><a href='\/wp-content\/uploads\/2024\/10\/mono.pdf' style='color:#00A0E3;text-decoration: none;'>Enstore Mono<\/a><\/li>\n<li><a href='\/wp-content\/uploads\/2024\/10\/hexagon_cam.pdf' style='color:#00A0E3;text-decoration: none;'>Enstore Hexagon &#8211; CAM<\/a><\/li>\n<\/ul>\n\n<br><br>\n<b> Sol\u00e1rn\u00ed kamerov\u00e9 syst\u00e9my: <\/b>\n<ul>\n<li><a href='\/wp-content\/uploads\/2024\/10\/hexagon_cam.pdf' style='color:#00A0E3;text-decoration: none;'>Enstore Hexagon &#8211; CAM<\/a><\/li>\n<li><a href='\/wp-content\/uploads\/2024\/04\/hybridcamsys.pdf' style='color:#00A0E3;text-decoration: none;'>Hybridn\u00ed kamerov\u00e9 syst\u00e9my<\/a><\/li>\n\n<\/ul>\n\n\n\n<p><\/p>\n","protected":false},"excerpt":{"rendered":"<p>Ke sta\u017een\u00ed Sol\u00e1rn\u00ed lampy: Enstore Quatro Enstore Hexagon Enstore Uno Enstore Mono Enstore Hexagon &#8211; CAM Sol\u00e1rn\u00ed kamerov\u00e9 syst\u00e9my: Enstore Hexagon &#8211; CAM Hybridn\u00ed kamerov\u00e9 syst\u00e9my<\/p>\n","protected":false},"author":1,"featured_media":0,"parent":0,"menu_order":0,"comment_status":"closed","ping_status":"closed","template":"","meta":{"ngg_post_thumbnail":0,"footnotes":""},"_links":{"self":[{"href":"https:\/\/solarniverejneosvetleni.cz\/index.php\/wp-json\/wp\/v2\/pages\/185"}],"collection":[{"href":"https:\/\/solarniverejneosvetleni.cz\/index.php\/wp-json\/wp\/v2\/pages"}],"about":[{"href":"https:\/\/solarniverejneosvetleni.cz\/index.php\/wp-json\/wp\/v2\/types\/page"}],"author":[{"embeddable":true,"href":"https:\/\/solarniverejneosvetleni.cz\/index.php\/wp-json\/wp\/v2\/users\/1"}],"replies":[{"embeddable":true,"href":"https:\/\/solarniverejneosvetleni.cz\/index.php\/wp-json\/wp\/v2\/comments?post=185"}],"version-history":[{"count":10,"href":"https:\/\/solarniverejneosvetleni.cz\/index.php\/wp-json\/wp\/v2\/pages\/185\/revisions"}],"predecessor-version":[{"id":660,"href":"https:\/\/solarniverejneosvetleni.cz\/index.php\/wp-json\/wp\/v2\/pages\/185\/revisions\/660"}],"wp:attachment":[{"href":"https:\/\/solarniverejneosvetleni.cz\/index.php\/wp-json\/wp\/v2\/media?parent=185"}],"curies":[{"name":"wp","href":"https:\/\/api.w.org\/{rel}","templated":true}]}}